14 a multiple of 2631?
True
Is 23 a factor of 4135824580?
True
Is 310557100 a multiple of 16?
False
Is 423241178 a multiple of 2303?
False
Does 310 divide 1067817630?
True
Is 15721548 a multiple of 12?
True
Is 1095824845 a multiple of 85?
True
Is 742 a factor of 1239799638?
True
Does 352 divide 30297482?
False
Is 35575875 a multiple of 135?
True
Is 63646026 a multiple of 17?
False
Is 64 a factor of 266812272?
False
Is 3460486504 a multiple of 31?
False
Does 1058 divide 44796778?
True
Is 734142346 a multiple of 7?
True
Does 25 divide 14603400?
True
Does 278 divide 925562611?
False
Does 1527 divide 7720512?
True
Is 646894722 a multiple of 8?
False
Is 9669197 even?
False
Is 351 a factor of 30720582?
False
Does 6 divide 23730833?
False
Is 14962938 a multiple of 39?
False
Is 2287 a factor of 915936639?
True
Is 21 a factor of 2264621?
False
Is 33 a factor of 1305282?
True
Is 189826358 a multiple of 35?
False
Is 41021060 a multiple of 124?
True
Is 1234183470 a multiple of 1110?
True
Is 8 a factor of 83862336?
True
Is 121947784 a multiple of 427?
True
Is 13 a factor of 1637402?
True
Is 186192756 a multiple of 3807?
True
Does 5 divide 100507520?
True
Is 19 a factor of 1009723366?
False
Does 54 divide 59451347?
False
Is 118170764 a multiple of 58?
False
Does 55 divide 3229820?
True
Is 1397462095 a multiple of 2935?
True
Does 17 divide 9994912?
True
Is 10 a factor of 6381960?
True
Does 3331 divide 92608462?
True
Does 7 divide 781565484?
True
Does 10 divide 128453520?
True
Does 11904 divide 665409792?
True
Is 60883466 a multiple of 7?
True
Does 98 divide 243505017?
False
Is 182975320 a multiple of 760?
True
Does 7866 divide 772940852?
False
Does 23 divide 4270777?
False
Is 12 a factor of 1058836886?
False
Is 16 a factor of 4019791789?
False
Is 23376365 a multiple of 1277?
False
Is 12 a factor of 30068232?
True
Does 809 divide 4758143?
False
Is 1946634582 a multiple of 11?
False
Is 1032304 a multiple of 7?
True
Is 1843930 a multiple of 22?
True
Does 55 divide 1360205?
True
Is 33059824 a multiple of 59?
True
Is 372089952 a multiple of 96?
True
Does 21 divide 8849122?
False
Does 99 divide 91165613?
False
Is 1855431 a multiple of 67?
True
Is 3 a factor of 11118678?
True
Is 6 a factor of 42696047?
False
Is 420277590 a multiple of 15?
True
Is 17611919 a multiple of 11?
False
Does 2854 divide 64520595?
False
Is 4 a factor of 83183212?
True
Is 594 a factor of 213297965?
False
Does 486 divide 19723869?
False
Does 2082 divide 34054992?
False
Is 830653800 a multiple of 30?
True
Is 76210793 a multiple of 3750?
False
Is 368 a factor of 50723280?
True
Is 66460804 a multiple of 158?
True
Is 1689605905 a multiple of 1232?
False
Does 10 divide 167197790?
True
Is 733692744 a multiple of 4146?
True
Does 5 divide 491018224?
False
Does 66 divide 17462148?
True
Does 1864 divide 27680400?
True
Does 51 divide 38836347?
True
Does 2962 divide 355330406?
True
Is 105 a factor of 102663960?
True
Does 118 divide 1758497596?
True
Does 5 divide 191205660?
True
Does 23 divide 923143847?
True
Does 815 divide 151561199?
False
Is 5972970 a multiple of 3090?
True
Is 2613819183 a multiple of 708?
False
Is 14 a factor of 225201129?
False
Does 175 divide 10872512?
False
Does 1288 divide 25691736?
True
Does 41 divide 37277423?
False
Is 165 a factor of 80523215?
False
Is 59 a factor of 5709875222?
False
Is 3557243937 a multiple of 139?
True
Is 4592 a factor of 2441193187?
False
Is 96 a factor of 18198816?
True
Is 1344805155 a multiple of 2226?
False
Does 23 divide 80276026?
True
Is 504159684 a multiple of 12?
True
Does 16 divide 187199792?
True
Does 7506 divide 1235900430?
True
Does 82 divide 436498119?
False
Does 140 divide 1961711780?
True
Does 2354 divide 969848?
True
Does 697 divide 367497200?
False
Is 19 a factor of 86694327?
False
Is 322 a factor of 176827588?
True
Is 142 a factor of 33522805?
False
Does 87 divide 202004492?
False
Is 987666486 a multiple of 3?
True
Is 85146600 a multiple of 140?
True
Does 412 divide 815086044?
False
Is 903 a factor of 40212492?
False
Does 303 divide 102882135?
True
Is 5641 a factor of 262001886?
True
Is 11735932 a multiple of 26?
True
Is 19 a factor of 941583?
True
Is 4123 a factor of 510080161?
False
Is 8 a factor of 42471704?
True
Does 15 divide 192580583?
False
Is 111392008 a multiple of 14?
True
Is 113914080 a multiple of 30?
True
Is 29979177 a multiple of 752?
False
Does 2193 divide 139744248?
False
Is 127562343 a multiple of 1843?
False
Is 706 a factor of 36894148?
True
Is 131 a factor of 4581332?
True
Is 102904270 a multiple of 7?
True
Is 2109777628 a multiple of 21?
False
Is 664733916 a multiple of 3639?
False
Is 86 a factor of 151265055?
False
Does 4912 divide 3749378720?
True
Does 17 divide 58947568?
True
Does 17 divide 18936212?
False
Is 25938136 a multiple of 48?
False
Is 3 a factor of 7776461?
False
Is 2180 a factor of 162968080?
True
Is 61 a factor of 6319966?
True
Does 4 divide 44565234?
False
Is 11 a factor of 259129705?
False
Does 25 divide 576302800?
True
Is 812 a factor of 383536020?
True
Does 552 divide 191467272?
True
Is 17896597 a multiple of 73?
False
Is 15434879 a multiple of 3963?
False
Is 18 a factor of 806531985?
False
Is 75 a factor of 19392623?
False
Is 27743865 a multiple of 295?
True
Is 150 a factor of 1851153900?
True
Does 11 divide 11753969?
False
Is 434433920 a multiple of 712?
True
Is 1281 a factor of 379963932?
False
Is 327583140 a multiple of 1686?
False
Is 8 a factor of 2816724361?
False
Does 45 divide 49177710?
True
Is 2461 a factor of 799133459?
True
Is 1016 a factor of 9655048?
True
Is 190012375 a multiple of 35?
True
Is 4373407 a multiple of 1677?
False
Is 2884 a factor of 1061312?
True
Is 81 a factor of 558103365?
True
Does 7 divide 5455562?
True
Does 15 divide 200231355?
True
Is 67 a factor of 5591569?
False
Does 73 divide 203371426?
False
Is 39081720 a multiple of 12?
True
Is 16098349 a multiple of 241?
False
Is 37 a factor of 63349411?
False
Is 1075 a factor of 16055404?
False
Is 1268496693 a multiple of 9?
True
Is 14 a factor of 14215750?
False
Is 78 a factor of 327819465?
False
Is 33698700 a multiple of 5?
True
Does 119 divide 380386328?
False
Is 8916060 a multiple of 181?
True
Does 2663 divide 41535141?
False
Does 1165 divide 21262415?
True
Is 269816202 a multiple of 3443?
False
Is 3216657255 a multiple of 679?
True
Is 1219 a factor of 960592704?
False
Does 40 divide 101044840?
True
Does 3680 divide 2025700888?
False
Is 320490 a multiple of 10?
True
Is 39841575 a multiple of 267?
False
Does 9103 divide 1649708134?
False
Is 15 a factor of 40734262?
False
Does 38 divide 564933106?
False
Does 2568 divide 30821136?
True
Is 577 a factor of 80759805?
True
Is 400051208 a multiple of 6?
False
Is 49643815 a multiple of 498?
False
Is 51 a factor of 283802046?
True
Does 58 divide 12219382?
True
Is 179 a factor of 24836187?
False
Is 1789 a factor of 154905932?
True
Does 21 divide 239114736?
True
Is 332488422 a multiple of 63?
True
Is 5257215 a multiple of 15?
True
Does 2084 divide 68811596?
True
Is 1403384194 a multiple of 19?
True
Is 6 a factor of 8897190?
True
Does 307 divide 32934346?
True
Is 2205 a factor of 63842398?
False
Does 822 divide 24951230?
False
Does 318 divide 951526228?
False
Is 606375814 a multiple of 1056?
False
Does 1292 divide 18890424?
False
Is 7 a factor of 4823434?
True
Is 2111 a factor of 32781034?
False
Is 2081415168 a multiple of 74?
True
Is 156 a factor of 45848586?
False
Is 748 a factor of 600568452?
True
Does 821 divide 384975013?
False
Does 99 divide 19650295?
False
Is 11 a factor of 49719483?
True
Does 12 divide 25792284?
True
Is 18 a factor of 30572154?
True
Does 3831 divide 8533289388?
False
Is 24627268 a multiple of 20?
False
Does 7 divide 1293924625?
True
Is 468543200 a multiple of 7300?
True
Is 38389198 a multiple of 61?
False
Is 5792166 a multiple of 4?
False
Does 92 divide 201094520?
True
Is 22756262 a multiple of 4?
False
Is 18 a factor of 678761190?
True
Is 30453228 a multiple of 29?
False
Is 70569409 a multiple of 3487?
False
Does 67 divide 99426972?
False
Does 5 divide 3478850?
True
Is 504126660 a multiple of 10?
True
Does 11 divide 40016548?
True
Is 146807837 a multiple of 10?
False
Is 8859690 a multiple of 147?
True
Does 3 divide 781599873?
True
Does 26 divide 98394322?
Tr